{"id":803,"date":"2019-03-19T22:53:00","date_gmt":"2019-03-19T20:53:00","guid":{"rendered":"https:\/\/www.krullys.de\/?page_id=803"},"modified":"2024-10-25T13:16:44","modified_gmt":"2024-10-25T11:16:44","slug":"buero-team-und-paedagogik","status":"publish","type":"page","link":"https:\/\/www.krullys.de\/?page_id=803","title":{"rendered":"Team &#038; P\u00e4dagogik"},"content":{"rendered":"\n<figure class=\"wp-block-image\"><img loading=\"lazy\" decoding=\"async\" width=\"1024\" height=\"768\" src=\"https:\/\/www.krullys.de\/wp-content\/uploads\/D4C7C30F-9DD0-4E0F-A91C-C649E48FD2DC-1024x768.jpeg\" alt=\"\" class=\"wp-image-1616\" srcset=\"https:\/\/www.krullys.de\/wp-content\/uploads\/D4C7C30F-9DD0-4E0F-A91C-C649E48FD2DC-1024x768.jpeg 1024w, https:\/\/www.krullys.de\/wp-content\/uploads\/D4C7C30F-9DD0-4E0F-A91C-C649E48FD2DC-300x225.jpeg 300w, https:\/\/www.krullys.de\/wp-content\/uploads\/D4C7C30F-9DD0-4E0F-A91C-C649E48FD2DC-768x576.jpeg 768w, https:\/\/www.krullys.de\/wp-content\/uploads\/D4C7C30F-9DD0-4E0F-A91C-C649E48FD2DC.jpeg 1280w\" sizes=\"auto, (max-width: 1024px) 100vw, 1024px\" \/><figcaption class=\"wp-element-caption\">Gute Aussichten!<\/figcaption><\/figure>\n\n\n\n<h3 class=\"wp-block-heading\"><strong>Teamarbeit<\/strong><\/h3>\n\n\n\n<p>Bei unserer Teamarbeit legen wir viel Wert auf einen freundlichen und kollegialen Umgang. Dieser wird gepr\u00e4gt durch Offenheit, Ehrlichkeit, Respekt, Zuverl\u00e4ssigkeit und Kritikf\u00e4higkeit.<\/p>\n\n\n\n<p>In unserem Team arbeiten verschiedene Menschen mit unterschiedlichen Erfahrungen, Begabungen und Pers\u00f6nlichkeiten. Unser Ziel ist es, diese pers\u00f6nlichen F\u00e4higkeiten in unsere Arbeit einzubringen und uns dabei m\u00f6glichst optimal zu erg\u00e4nzen. In der Kita arbeiten zur Zeit\u00a0 3 <strong>sozialp\u00e4dagogische Fachkr\u00e4fte<\/strong> mit einer w\u00f6chentlichen Arbeitszeit von 39 Stunden. 1 <strong>hauswirtschaftliche erg\u00e4nzende Zusatzkraft<\/strong> mit einer w\u00f6chentlichen Arbeitszeit von 29,75 Stunden und einen Erzieher in Ausbildung.<\/p>\n\n\n\n<h3 class=\"wp-block-heading\"><strong>Die Rolle der ErzieherIn&nbsp;<\/strong><\/h3>\n\n\n\n<p>Wir m\u00f6chten f\u00fcr die Kinder eine liebevolle und angstfreie Atmosph\u00e4re schaffen, in der sie sich geborgen f\u00fchlen. Vertrauen, Verst\u00e4ndnis und emotionale Zuwendung sind f\u00fcr uns unabdingbare Bausteine unserer Arbeit. Eine sichere Bindung wird dadurch aufgebaut, das wir auf die individuellen Bed\u00fcrfnisse des Kindes eingehen. Hierbei sehen wir als Grundlage f\u00fcr das Vertrauen die emotionale N\u00e4he. Wichtige Anforderungen an das Erzieherverhalten sind Authentizit\u00e4t (Echtheit), Selbstreflexion, Empathie und Flexibilit\u00e4t. Das ErzieherInnenverhalten sollte immer motivierend sein, Erfolgserlebnisse erm\u00f6glichen und das Kind st\u00e4rken.<strong>&nbsp;<\/strong><\/p>\n\n\n\n<h3 class=\"wp-block-heading\"><strong>P\u00e4dagogischer Ansatz<\/strong><\/h3>\n\n\n\n<p>Grundlage unserer p\u00e4dagogischen Arbeit ist der situationsorientierte und kindzentrierte Ansatz. Das hei\u00dft f\u00fcr uns einen Lebensraum schaffen, in dem sich die Kinder geborgen f\u00fchlen und in ihrer Individualit\u00e4t angenommen. Erst eine ganzheitliche Sichtweise der Kinder und deren Umwelt, erm\u00f6glicht uns eine p\u00e4dagogische Handlungsweise zu entwickeln, die sich an den unterschiedlichen Bed\u00fcrfnissen und jeweiligen Entwicklungsstand orientiert.<\/p>\n\n\n\n<p>Daraus ergeben sich f\u00fcr uns folgende Erziehungsziele:<\/p>\n\n\n\n<ul class=\"wp-block-list\">\n<li>St\u00e4rkung des Selbstwertgef\u00fchls als Grundlage f\u00fcr die emotionale Sicherheit\u00a0<\/li>\n\n\n\n<li>Vermittlung von altersentsprechenden und lebenspraktischen F\u00e4higkeiten, zur Hinf\u00fchrung an Autonomie und Eigeninitiative<\/li>\n\n\n\n<li>Entfaltung der geistigen F\u00e4higkeiten und F\u00f6rderung der Wahrnehmung von Natur und Umwelt<\/li>\n\n\n\n<li>Vermittlung sozialer F\u00e4higkeiten, wie das Erkennen und Zuordnen des eigenen Standes innerhalb das sozialen Umfeldes<\/li>\n\n\n\n<li>Das Erkennen von Konfliktsituationen und deren gewaltfreien L\u00f6sung<\/li>\n\n\n\n<li>Altersgerechtes Grundwissen des eigenen K\u00f6rpers, dessen Funktion und seiner Entfaltung\u00a0<\/li>\n\n\n\n<li>Partnerschaftlicher Umgang zwischen den Kindern, Kindern mit Migrationshintergrund und innerhalb verschiedener Altersgruppen.<\/li>\n<\/ul>\n\n\n\n<h3 class=\"wp-block-heading\"><strong>Unser Bild vom Kind<\/strong><\/h3>\n\n\n\n<p class=\"has-text-align-left\"><strong>Wenn ich klein bin, gib mir tiefe Wurzeln!<\/strong><br><strong>Wenn ich gro\u00df bin, gib mir Fl\u00fcgel!<\/strong><br>(Indisches Sprichwort)<\/p>\n\n\n\n<p>Wir sehen das Kind von Geburt an als eigenst\u00e4ndige Pers\u00f6nlichkeit, die Liebe und Akzeptanz braucht, um sich frei entfalten zu k\u00f6nnen, denn jedes Kind ist Akteur seiner eigenen Entwicklung, wenn es Raum und Zeit daf\u00fcr bekommt. <br>Jedes Kind bring individuelle Erfahrungen und Erwartungen an seine Umwelt und Mitmenschen mit, daher brauchen Kinder eine sichere Bindungen um ihre Entdeckungsneugierde auszuleben, und um sich angenommen zu f\u00fchlen. Unsere Kinder sollen eigenst\u00e4ndige Erfahrungen sammeln, kreativ sein und sich selbst in der Welt die sie umgibt zurechtfinden. Wir wollen ihre Neugierde wecken und ihren Wissensdrang unterst\u00fctzen. <br><br>Bei den Krullys bem\u00fchen wir uns, die Kinder an allen Entscheidungen, die sie direkt betreffen, zu beteiligen. Wir verstehen die Kita als Lernraum, in dem demokratische Grunds\u00e4tze gelebt und gelernt werden k\u00f6nnen. <br>Fr\u00fchzeitig beteiligen wir sie an der Gestaltung des Kitalebens und trauen ihnen entwicklungsgerechte Kompetenzen zu. <br><br>Partizipation verstehen wir nicht ausschlie\u00dflich als demokratisches Abstimmungsverfahren, sondern als Dialog und gemeinsame Entscheidungsfindung der Kinder untereinander und mit den ErzieherInnen. Wir sind \u00fcberzeugt, dass Kinder durch Beteiligung lernen f\u00fcr sich und andere Verantwortung zu \u00fcbernehmen.<\/p>\n\n\n\n<h3 class=\"wp-block-heading\"><strong>Erziehungspartnerschaft<\/strong><\/h3>\n\n\n\n<p>Die Zusammenarbeit mit den Eltern ist die Grundlage f\u00fcr eine gelingende p\u00e4dagogische Arbeit, gerade in einer Elterninitiative. Die Erziehung und F\u00f6rderung in der Kita soll die Erziehung in der Familie erg\u00e4nzen, erweitern, aber nicht ersetzen. Eine Vertrauensvolle Beziehung zu den Eltern schafft die M\u00f6glichkeit, auf die individuellen Bed\u00fcrfnisse und Interessen der Kinder besser eingehen zu k\u00f6nnen. Wir sehen die Eltern als Partner und Experten in der Erziehung ihrer Kinder.&nbsp;<\/p>\n\n\n\n<p><strong>Ziel unserer Zusammenarbeit, ist das Wohl des Kindes.<\/strong> <br>In diesem Sinne ist es wichtig, die Interessen aller Beteiligten (Kinder, Eltern, ErzieherIn ) zu ber\u00fccksichtigen. Bei diesem Prozess m\u00fcssen wir gemeinsame Standpunkte abgleichen. Sind alle Beteiligten stets interessiert und bem\u00fcht, steht einer guten Zusammenarbeit nichts im Weg. Unser Weg zum Ziel sind regelm\u00e4\u00dfig stattfindende Entwicklungsgespr\u00e4che, Elternabende, Vorstandssitzungen, Elterncafe, T\u00fcr- und Angelgespr\u00e4che sowie gemeinsame Feste feiern.<\/p>\n","protected":false},"excerpt":{"rendered":"<p>Teamarbeit Bei unserer Teamarbeit legen wir viel Wert auf einen freundlichen und kollegialen Umgang. Dieser wird gepr\u00e4gt durch Offenheit, Ehrlichkeit, Respekt, Zuverl\u00e4ssigkeit und Kritikf\u00e4higkeit. In unserem Team arbeiten verschiedene Menschen mit unterschiedlichen Erfahrungen, Begabungen und Pers\u00f6nlichkeiten. Unser Ziel ist es, diese pers\u00f6nlichen F\u00e4higkeiten in unsere Arbeit einzubringen und uns dabei m\u00f6glichst optimal zu erg\u00e4nzen. In&#8230;<\/p>\n","protected":false},"author":9,"featured_media":1616,"parent":0,"menu_order":0,"comment_status":"closed","ping_status":"closed","template":"","meta":{"footnotes":""},"class_list":["post-803","page","type-page","status-publish","has-post-thumbnail","hentry"],"yoast_head":"<!-- This site is optimized with the Yoast SEO plugin v27.2 - https:\/\/yoast.com\/product\/yoast-seo-wordpress\/ -->\n<title>Team &amp; P\u00e4dagogik - Kindergruppe Krullys<\/title>\n<meta name=\"robots\" content=\"index, follow, max-snippet:-1, max-image-preview:large, max-video-preview:-1\" \/>\n<link rel=\"canonical\" href=\"https:\/\/www.krullys.de\/?page_id=803\" \/>\n<meta property=\"og:locale\" content=\"de_DE\" \/>\n<meta property=\"og:type\" content=\"article\" \/>\n<meta property=\"og:title\" content=\"Team &amp; P\u00e4dagogik - Kindergruppe Krullys\" \/>\n<meta property=\"og:description\" content=\"Teamarbeit Bei unserer Teamarbeit legen wir viel Wert auf einen freundlichen und kollegialen Umgang. Dieser wird gepr\u00e4gt durch Offenheit, Ehrlichkeit, Respekt, Zuverl\u00e4ssigkeit und Kritikf\u00e4higkeit. In unserem Team arbeiten verschiedene Menschen mit unterschiedlichen Erfahrungen, Begabungen und Pers\u00f6nlichkeiten. Unser Ziel ist es, diese pers\u00f6nlichen F\u00e4higkeiten in unsere Arbeit einzubringen und uns dabei m\u00f6glichst optimal zu erg\u00e4nzen. In...\" \/>\n<meta property=\"og:url\" content=\"https:\/\/www.krullys.de\/?page_id=803\" \/>\n<meta property=\"og:site_name\" content=\"Kindergruppe Krullys\" \/>\n<meta property=\"article:modified_time\" content=\"2024-10-25T11:16:44+00:00\" \/>\n<meta property=\"og:image\" content=\"https:\/\/www.krullys.de\/wp-content\/uploads\/D4C7C30F-9DD0-4E0F-A91C-C649E48FD2DC.jpeg\" \/>\n\t<meta property=\"og:image:width\" content=\"1280\" \/>\n\t<meta property=\"og:image:height\" content=\"960\" \/>\n\t<meta property=\"og:image:type\" content=\"image\/jpeg\" \/>\n<meta name=\"twitter:card\" content=\"summary_large_image\" \/>\n<meta name=\"twitter:label1\" content=\"Gesch\u00e4tzte Lesezeit\" \/>\n\t<meta name=\"twitter:data1\" content=\"4\u00a0Minuten\" \/>\n<script type=\"application\/ld+json\" class=\"yoast-schema-graph\">{\"@context\":\"https:\/\/schema.org\",\"@graph\":[{\"@type\":\"WebPage\",\"@id\":\"https:\/\/www.krullys.de\/?page_id=803\",\"url\":\"https:\/\/www.krullys.de\/?page_id=803\",\"name\":\"Team & P\u00e4dagogik - Kindergruppe Krullys\",\"isPartOf\":{\"@id\":\"https:\/\/www.krullys.de\/#website\"},\"primaryImageOfPage\":{\"@id\":\"https:\/\/www.krullys.de\/?page_id=803#primaryimage\"},\"image\":{\"@id\":\"https:\/\/www.krullys.de\/?page_id=803#primaryimage\"},\"thumbnailUrl\":\"https:\/\/www.krullys.de\/wp-content\/uploads\/D4C7C30F-9DD0-4E0F-A91C-C649E48FD2DC.jpeg\",\"datePublished\":\"2019-03-19T20:53:00+00:00\",\"dateModified\":\"2024-10-25T11:16:44+00:00\",\"breadcrumb\":{\"@id\":\"https:\/\/www.krullys.de\/?page_id=803#breadcrumb\"},\"inLanguage\":\"de\",\"potentialAction\":[{\"@type\":\"ReadAction\",\"target\":[\"https:\/\/www.krullys.de\/?page_id=803\"]}]},{\"@type\":\"ImageObject\",\"inLanguage\":\"de\",\"@id\":\"https:\/\/www.krullys.de\/?page_id=803#primaryimage\",\"url\":\"https:\/\/www.krullys.de\/wp-content\/uploads\/D4C7C30F-9DD0-4E0F-A91C-C649E48FD2DC.jpeg\",\"contentUrl\":\"https:\/\/www.krullys.de\/wp-content\/uploads\/D4C7C30F-9DD0-4E0F-A91C-C649E48FD2DC.jpeg\",\"width\":1280,\"height\":960},{\"@type\":\"BreadcrumbList\",\"@id\":\"https:\/\/www.krullys.de\/?page_id=803#breadcrumb\",\"itemListElement\":[{\"@type\":\"ListItem\",\"position\":1,\"name\":\"Startseite\",\"item\":\"https:\/\/www.krullys.de\/\"},{\"@type\":\"ListItem\",\"position\":2,\"name\":\"Team &#038; P\u00e4dagogik\"}]},{\"@type\":\"WebSite\",\"@id\":\"https:\/\/www.krullys.de\/#website\",\"url\":\"https:\/\/www.krullys.de\/\",\"name\":\"Kindergruppe Krullys\",\"description\":\"\",\"publisher\":{\"@id\":\"https:\/\/www.krullys.de\/#organization\"},\"potentialAction\":[{\"@type\":\"SearchAction\",\"target\":{\"@type\":\"EntryPoint\",\"urlTemplate\":\"https:\/\/www.krullys.de\/?s={search_term_string}\"},\"query-input\":{\"@type\":\"PropertyValueSpecification\",\"valueRequired\":true,\"valueName\":\"search_term_string\"}}],\"inLanguage\":\"de\"},{\"@type\":\"Organization\",\"@id\":\"https:\/\/www.krullys.de\/#organization\",\"name\":\"Kindergruppe Krullys\",\"url\":\"https:\/\/www.krullys.de\/\",\"logo\":{\"@type\":\"ImageObject\",\"inLanguage\":\"de\",\"@id\":\"https:\/\/www.krullys.de\/#\/schema\/logo\/image\/\",\"url\":\"https:\/\/www.krullys.de\/wp-content\/uploads\/cropped-287841C2-0086-47CA-99E4-F86CC1AE6E5D.png\",\"contentUrl\":\"https:\/\/www.krullys.de\/wp-content\/uploads\/cropped-287841C2-0086-47CA-99E4-F86CC1AE6E5D.png\",\"width\":552,\"height\":614,\"caption\":\"Kindergruppe Krullys\"},\"image\":{\"@id\":\"https:\/\/www.krullys.de\/#\/schema\/logo\/image\/\"}}]}<\/script>\n<!-- \/ Yoast SEO plugin. -->","yoast_head_json":{"title":"Team & P\u00e4dagogik - Kindergruppe Krullys","robots":{"index":"index","follow":"follow","max-snippet":"max-snippet:-1","max-image-preview":"max-image-preview:large","max-video-preview":"max-video-preview:-1"},"canonical":"https:\/\/www.krullys.de\/?page_id=803","og_locale":"de_DE","og_type":"article","og_title":"Team & P\u00e4dagogik - Kindergruppe Krullys","og_description":"Teamarbeit Bei unserer Teamarbeit legen wir viel Wert auf einen freundlichen und kollegialen Umgang. Dieser wird gepr\u00e4gt durch Offenheit, Ehrlichkeit, Respekt, Zuverl\u00e4ssigkeit und Kritikf\u00e4higkeit. In unserem Team arbeiten verschiedene Menschen mit unterschiedlichen Erfahrungen, Begabungen und Pers\u00f6nlichkeiten. Unser Ziel ist es, diese pers\u00f6nlichen F\u00e4higkeiten in unsere Arbeit einzubringen und uns dabei m\u00f6glichst optimal zu erg\u00e4nzen. In...","og_url":"https:\/\/www.krullys.de\/?page_id=803","og_site_name":"Kindergruppe Krullys","article_modified_time":"2024-10-25T11:16:44+00:00","og_image":[{"width":1280,"height":960,"url":"https:\/\/www.krullys.de\/wp-content\/uploads\/D4C7C30F-9DD0-4E0F-A91C-C649E48FD2DC.jpeg","type":"image\/jpeg"}],"twitter_card":"summary_large_image","twitter_misc":{"Gesch\u00e4tzte Lesezeit":"4\u00a0Minuten"},"schema":{"@context":"https:\/\/schema.org","@graph":[{"@type":"WebPage","@id":"https:\/\/www.krullys.de\/?page_id=803","url":"https:\/\/www.krullys.de\/?page_id=803","name":"Team & P\u00e4dagogik - Kindergruppe Krullys","isPartOf":{"@id":"https:\/\/www.krullys.de\/#website"},"primaryImageOfPage":{"@id":"https:\/\/www.krullys.de\/?page_id=803#primaryimage"},"image":{"@id":"https:\/\/www.krullys.de\/?page_id=803#primaryimage"},"thumbnailUrl":"https:\/\/www.krullys.de\/wp-content\/uploads\/D4C7C30F-9DD0-4E0F-A91C-C649E48FD2DC.jpeg","datePublished":"2019-03-19T20:53:00+00:00","dateModified":"2024-10-25T11:16:44+00:00","breadcrumb":{"@id":"https:\/\/www.krullys.de\/?page_id=803#breadcrumb"},"inLanguage":"de","potentialAction":[{"@type":"ReadAction","target":["https:\/\/www.krullys.de\/?page_id=803"]}]},{"@type":"ImageObject","inLanguage":"de","@id":"https:\/\/www.krullys.de\/?page_id=803#primaryimage","url":"https:\/\/www.krullys.de\/wp-content\/uploads\/D4C7C30F-9DD0-4E0F-A91C-C649E48FD2DC.jpeg","contentUrl":"https:\/\/www.krullys.de\/wp-content\/uploads\/D4C7C30F-9DD0-4E0F-A91C-C649E48FD2DC.jpeg","width":1280,"height":960},{"@type":"BreadcrumbList","@id":"https:\/\/www.krullys.de\/?page_id=803#breadcrumb","itemListElement":[{"@type":"ListItem","position":1,"name":"Startseite","item":"https:\/\/www.krullys.de\/"},{"@type":"ListItem","position":2,"name":"Team &#038; P\u00e4dagogik"}]},{"@type":"WebSite","@id":"https:\/\/www.krullys.de\/#website","url":"https:\/\/www.krullys.de\/","name":"Kindergruppe Krullys","description":"","publisher":{"@id":"https:\/\/www.krullys.de\/#organization"},"potentialAction":[{"@type":"SearchAction","target":{"@type":"EntryPoint","urlTemplate":"https:\/\/www.krullys.de\/?s={search_term_string}"},"query-input":{"@type":"PropertyValueSpecification","valueRequired":true,"valueName":"search_term_string"}}],"inLanguage":"de"},{"@type":"Organization","@id":"https:\/\/www.krullys.de\/#organization","name":"Kindergruppe Krullys","url":"https:\/\/www.krullys.de\/","logo":{"@type":"ImageObject","inLanguage":"de","@id":"https:\/\/www.krullys.de\/#\/schema\/logo\/image\/","url":"https:\/\/www.krullys.de\/wp-content\/uploads\/cropped-287841C2-0086-47CA-99E4-F86CC1AE6E5D.png","contentUrl":"https:\/\/www.krullys.de\/wp-content\/uploads\/cropped-287841C2-0086-47CA-99E4-F86CC1AE6E5D.png","width":552,"height":614,"caption":"Kindergruppe Krullys"},"image":{"@id":"https:\/\/www.krullys.de\/#\/schema\/logo\/image\/"}}]}},"_links":{"self":[{"href":"https:\/\/www.krullys.de\/index.php?rest_route=\/wp\/v2\/pages\/803","targetHints":{"allow":["GET"]}}],"collection":[{"href":"https:\/\/www.krullys.de\/index.php?rest_route=\/wp\/v2\/pages"}],"about":[{"href":"https:\/\/www.krullys.de\/index.php?rest_route=\/wp\/v2\/types\/page"}],"author":[{"embeddable":true,"href":"https:\/\/www.krullys.de\/index.php?rest_route=\/wp\/v2\/users\/9"}],"replies":[{"embeddable":true,"href":"https:\/\/www.krullys.de\/index.php?rest_route=%2Fwp%2Fv2%2Fcomments&post=803"}],"version-history":[{"count":18,"href":"https:\/\/www.krullys.de\/index.php?rest_route=\/wp\/v2\/pages\/803\/revisions"}],"predecessor-version":[{"id":2053,"href":"https:\/\/www.krullys.de\/index.php?rest_route=\/wp\/v2\/pages\/803\/revisions\/2053"}],"wp:featuredmedia":[{"embeddable":true,"href":"https:\/\/www.krullys.de\/index.php?rest_route=\/wp\/v2\/media\/1616"}],"wp:attachment":[{"href":"https:\/\/www.krullys.de\/index.php?rest_route=%2Fwp%2Fv2%2Fmedia&parent=803"}],"curies":[{"name":"wp","href":"https:\/\/api.w.org\/{rel}","templated":true}]}}