{"id":788,"date":"2025-11-30T12:05:00","date_gmt":"2025-11-30T10:05:00","guid":{"rendered":"https:\/\/www.krullys.de\/?page_id=788"},"modified":"2026-03-29T21:09:20","modified_gmt":"2026-03-29T19:09:20","slug":"die-krullys","status":"publish","type":"page","link":"https:\/\/www.krullys.de\/","title":{"rendered":""},"content":{"rendered":"\n<h1 class=\"wp-block-heading\">Hallo liebe Besucher!<\/h1>\n\n\n\n\n<div class=\"wp-block-image\">\n<figure class=\"alignleft is-resized\"><img loading=\"lazy\" decoding=\"async\" width=\"200\" height=\"300\" src=\"https:\/\/www.krullys.de\/wp-content\/uploads\/C9EDD046-8B77-4893-A865-2181899F4866-200x300.jpeg\" alt=\"\" class=\"wp-image-1633\" style=\"width:245px;height:368px\" srcset=\"https:\/\/www.krullys.de\/wp-content\/uploads\/C9EDD046-8B77-4893-A865-2181899F4866-200x300.jpeg 200w, https:\/\/www.krullys.de\/wp-content\/uploads\/C9EDD046-8B77-4893-A865-2181899F4866-768x1152.jpeg 768w, https:\/\/www.krullys.de\/wp-content\/uploads\/C9EDD046-8B77-4893-A865-2181899F4866-682x1024.jpeg 682w, https:\/\/www.krullys.de\/wp-content\/uploads\/C9EDD046-8B77-4893-A865-2181899F4866.jpeg 853w\" sizes=\"auto, (max-width: 200px) 100vw, 200px\" \/><\/figure>\n<\/div>\n\n\n<p>Ich bin der Krullydrache und lebe in der Kita der Kindergruppe Krullys e.V., die als Elterninitiatvie 1979 in Kinderhaus gegr\u00fcndet wurde. <br><br>Mit mir wohnen hier bis zu 15 aufgeweckte kleine Drachen, die von 4 Monaten bis 6 Jahre alt sein k\u00f6nnen.<br><br>Bevor wir in den Kotten zwischen Kinderhaus und Nienberge gezogen sind, haben wir in einem Hochhaus in M\u00fcnster Kinderhaus gewohnt. Doch hier gef\u00e4llt es uns viel besser, denn wir haben viel Platz zum Toben, Lachen, Entdecken und Gestalten. Ihr werdet sehen, denn ich nehme Euch jetzt mit und f\u00fchre Euch durch einen typischen Tag von mir.<\/p>\n\n\n\n<p><\/p>\n\n\n\n<p><\/p>\n","protected":false},"excerpt":{"rendered":"<p>Hallo liebe Besucher! Ich bin der Krullydrache und lebe in der Kita der Kindergruppe Krullys e.V., die als Elterninitiatvie 1979 in Kinderhaus gegr\u00fcndet wurde. Mit mir wohnen hier bis zu 15 aufgeweckte kleine Drachen, die von 4 Monaten bis 6 Jahre alt sein k\u00f6nnen. Bevor wir in den Kotten zwischen Kinderhaus und Nienberge gezogen sind,&#8230;<\/p>\n","protected":false},"author":9,"featured_media":1635,"parent":0,"menu_order":0,"comment_status":"closed","ping_status":"closed","template":"","meta":{"footnotes":""},"class_list":["post-788","page","type-page","status-publish","has-post-thumbnail","hentry"],"yoast_head":"<!-- This site is optimized with the Yoast SEO plugin v27.2 - https:\/\/yoast.com\/product\/yoast-seo-wordpress\/ -->\n<title>Kindergruppe Krullys<\/title>\n<meta name=\"description\" content=\"Zum 01.08.2026 bieten wir wieder 3 Pl\u00e4tze f\u00fcr U3-Kinder an! Wir sind eine kleine, altersgemischte Kindergruppe, die sich auf einem Kotten zwischen Kinderhaus und Nienberge befindet. Wir betreuen Kinder von 0 - 6 Jahren, nat\u00fcrlich auch sehr gerne Geschwisterkinder.\" \/>\n<meta name=\"robots\" content=\"index, follow, max-snippet:-1, max-image-preview:large, max-video-preview:-1\" \/>\n<link rel=\"canonical\" href=\"https:\/\/www.krullys.de\/\" \/>\n<meta property=\"og:locale\" content=\"de_DE\" \/>\n<meta property=\"og:type\" content=\"article\" \/>\n<meta property=\"og:title\" content=\"Kindergruppe Krullys\" \/>\n<meta property=\"og:description\" content=\"Zum 01.08.2026 bieten wir wieder 3 Pl\u00e4tze f\u00fcr U3-Kinder an! Wir sind eine kleine, altersgemischte Kindergruppe, die sich auf einem Kotten zwischen Kinderhaus und Nienberge befindet. Wir betreuen Kinder von 0 - 6 Jahren, nat\u00fcrlich auch sehr gerne Geschwisterkinder.\" \/>\n<meta property=\"og:url\" content=\"https:\/\/www.krullys.de\/\" \/>\n<meta property=\"og:site_name\" content=\"Kindergruppe Krullys\" \/>\n<meta property=\"article:modified_time\" content=\"2026-03-29T19:09:20+00:00\" \/>\n<meta property=\"og:image\" content=\"https:\/\/www.krullys.de\/wp-content\/uploads\/5BB728A0-3300-40F0-B6BD-79D1DA0FBFBC.jpeg\" \/>\n\t<meta property=\"og:image:width\" content=\"1280\" \/>\n\t<meta property=\"og:image:height\" content=\"961\" \/>\n\t<meta property=\"og:image:type\" content=\"image\/jpeg\" \/>\n<meta name=\"twitter:card\" content=\"summary_large_image\" \/>\n<meta name=\"twitter:label1\" content=\"Gesch\u00e4tzte Lesezeit\" \/>\n\t<meta name=\"twitter:data1\" content=\"1\u00a0Minute\" \/>\n<script type=\"application\/ld+json\" class=\"yoast-schema-graph\">{\"@context\":\"https:\/\/schema.org\",\"@graph\":[{\"@type\":\"WebPage\",\"@id\":\"https:\/\/www.krullys.de\/\",\"url\":\"https:\/\/www.krullys.de\/\",\"name\":\"Kindergruppe Krullys\",\"isPartOf\":{\"@id\":\"https:\/\/www.krullys.de\/#website\"},\"primaryImageOfPage\":{\"@id\":\"https:\/\/www.krullys.de\/#primaryimage\"},\"image\":{\"@id\":\"https:\/\/www.krullys.de\/#primaryimage\"},\"thumbnailUrl\":\"https:\/\/www.krullys.de\/wp-content\/uploads\/5BB728A0-3300-40F0-B6BD-79D1DA0FBFBC.jpeg\",\"datePublished\":\"2025-11-30T10:05:00+00:00\",\"dateModified\":\"2026-03-29T19:09:20+00:00\",\"description\":\"Zum 01.08.2026 bieten wir wieder 3 Pl\u00e4tze f\u00fcr U3-Kinder an! Wir sind eine kleine, altersgemischte Kindergruppe, die sich auf einem Kotten zwischen Kinderhaus und Nienberge befindet. Wir betreuen Kinder von 0 - 6 Jahren, nat\u00fcrlich auch sehr gerne Geschwisterkinder.\",\"inLanguage\":\"de\",\"potentialAction\":[{\"@type\":\"ReadAction\",\"target\":[\"https:\/\/www.krullys.de\/\"]}]},{\"@type\":\"ImageObject\",\"inLanguage\":\"de\",\"@id\":\"https:\/\/www.krullys.de\/#primaryimage\",\"url\":\"https:\/\/www.krullys.de\/wp-content\/uploads\/5BB728A0-3300-40F0-B6BD-79D1DA0FBFBC.jpeg\",\"contentUrl\":\"https:\/\/www.krullys.de\/wp-content\/uploads\/5BB728A0-3300-40F0-B6BD-79D1DA0FBFBC.jpeg\",\"width\":1280,\"height\":961},{\"@type\":\"WebSite\",\"@id\":\"https:\/\/www.krullys.de\/#website\",\"url\":\"https:\/\/www.krullys.de\/\",\"name\":\"Kindergruppe Krullys\",\"description\":\"\",\"publisher\":{\"@id\":\"https:\/\/www.krullys.de\/#organization\"},\"potentialAction\":[{\"@type\":\"SearchAction\",\"target\":{\"@type\":\"EntryPoint\",\"urlTemplate\":\"https:\/\/www.krullys.de\/?s={search_term_string}\"},\"query-input\":{\"@type\":\"PropertyValueSpecification\",\"valueRequired\":true,\"valueName\":\"search_term_string\"}}],\"inLanguage\":\"de\"},{\"@type\":\"Organization\",\"@id\":\"https:\/\/www.krullys.de\/#organization\",\"name\":\"Kindergruppe Krullys\",\"url\":\"https:\/\/www.krullys.de\/\",\"logo\":{\"@type\":\"ImageObject\",\"inLanguage\":\"de\",\"@id\":\"https:\/\/www.krullys.de\/#\/schema\/logo\/image\/\",\"url\":\"https:\/\/www.krullys.de\/wp-content\/uploads\/cropped-287841C2-0086-47CA-99E4-F86CC1AE6E5D.png\",\"contentUrl\":\"https:\/\/www.krullys.de\/wp-content\/uploads\/cropped-287841C2-0086-47CA-99E4-F86CC1AE6E5D.png\",\"width\":552,\"height\":614,\"caption\":\"Kindergruppe Krullys\"},\"image\":{\"@id\":\"https:\/\/www.krullys.de\/#\/schema\/logo\/image\/\"}}]}<\/script>\n<!-- \/ Yoast SEO plugin. -->","yoast_head_json":{"title":"Kindergruppe Krullys","description":"Zum 01.08.2026 bieten wir wieder 3 Pl\u00e4tze f\u00fcr U3-Kinder an! Wir sind eine kleine, altersgemischte Kindergruppe, die sich auf einem Kotten zwischen Kinderhaus und Nienberge befindet. Wir betreuen Kinder von 0 - 6 Jahren, nat\u00fcrlich auch sehr gerne Geschwisterkinder.","robots":{"index":"index","follow":"follow","max-snippet":"max-snippet:-1","max-image-preview":"max-image-preview:large","max-video-preview":"max-video-preview:-1"},"canonical":"https:\/\/www.krullys.de\/","og_locale":"de_DE","og_type":"article","og_title":"Kindergruppe Krullys","og_description":"Zum 01.08.2026 bieten wir wieder 3 Pl\u00e4tze f\u00fcr U3-Kinder an! Wir sind eine kleine, altersgemischte Kindergruppe, die sich auf einem Kotten zwischen Kinderhaus und Nienberge befindet. Wir betreuen Kinder von 0 - 6 Jahren, nat\u00fcrlich auch sehr gerne Geschwisterkinder.","og_url":"https:\/\/www.krullys.de\/","og_site_name":"Kindergruppe Krullys","article_modified_time":"2026-03-29T19:09:20+00:00","og_image":[{"width":1280,"height":961,"url":"https:\/\/www.krullys.de\/wp-content\/uploads\/5BB728A0-3300-40F0-B6BD-79D1DA0FBFBC.jpeg","type":"image\/jpeg"}],"twitter_card":"summary_large_image","twitter_misc":{"Gesch\u00e4tzte Lesezeit":"1\u00a0Minute"},"schema":{"@context":"https:\/\/schema.org","@graph":[{"@type":"WebPage","@id":"https:\/\/www.krullys.de\/","url":"https:\/\/www.krullys.de\/","name":"Kindergruppe Krullys","isPartOf":{"@id":"https:\/\/www.krullys.de\/#website"},"primaryImageOfPage":{"@id":"https:\/\/www.krullys.de\/#primaryimage"},"image":{"@id":"https:\/\/www.krullys.de\/#primaryimage"},"thumbnailUrl":"https:\/\/www.krullys.de\/wp-content\/uploads\/5BB728A0-3300-40F0-B6BD-79D1DA0FBFBC.jpeg","datePublished":"2025-11-30T10:05:00+00:00","dateModified":"2026-03-29T19:09:20+00:00","description":"Zum 01.08.2026 bieten wir wieder 3 Pl\u00e4tze f\u00fcr U3-Kinder an! Wir sind eine kleine, altersgemischte Kindergruppe, die sich auf einem Kotten zwischen Kinderhaus und Nienberge befindet. Wir betreuen Kinder von 0 - 6 Jahren, nat\u00fcrlich auch sehr gerne Geschwisterkinder.","inLanguage":"de","potentialAction":[{"@type":"ReadAction","target":["https:\/\/www.krullys.de\/"]}]},{"@type":"ImageObject","inLanguage":"de","@id":"https:\/\/www.krullys.de\/#primaryimage","url":"https:\/\/www.krullys.de\/wp-content\/uploads\/5BB728A0-3300-40F0-B6BD-79D1DA0FBFBC.jpeg","contentUrl":"https:\/\/www.krullys.de\/wp-content\/uploads\/5BB728A0-3300-40F0-B6BD-79D1DA0FBFBC.jpeg","width":1280,"height":961},{"@type":"WebSite","@id":"https:\/\/www.krullys.de\/#website","url":"https:\/\/www.krullys.de\/","name":"Kindergruppe Krullys","description":"","publisher":{"@id":"https:\/\/www.krullys.de\/#organization"},"potentialAction":[{"@type":"SearchAction","target":{"@type":"EntryPoint","urlTemplate":"https:\/\/www.krullys.de\/?s={search_term_string}"},"query-input":{"@type":"PropertyValueSpecification","valueRequired":true,"valueName":"search_term_string"}}],"inLanguage":"de"},{"@type":"Organization","@id":"https:\/\/www.krullys.de\/#organization","name":"Kindergruppe Krullys","url":"https:\/\/www.krullys.de\/","logo":{"@type":"ImageObject","inLanguage":"de","@id":"https:\/\/www.krullys.de\/#\/schema\/logo\/image\/","url":"https:\/\/www.krullys.de\/wp-content\/uploads\/cropped-287841C2-0086-47CA-99E4-F86CC1AE6E5D.png","contentUrl":"https:\/\/www.krullys.de\/wp-content\/uploads\/cropped-287841C2-0086-47CA-99E4-F86CC1AE6E5D.png","width":552,"height":614,"caption":"Kindergruppe Krullys"},"image":{"@id":"https:\/\/www.krullys.de\/#\/schema\/logo\/image\/"}}]}},"_links":{"self":[{"href":"https:\/\/www.krullys.de\/index.php?rest_route=\/wp\/v2\/pages\/788","targetHints":{"allow":["GET"]}}],"collection":[{"href":"https:\/\/www.krullys.de\/index.php?rest_route=\/wp\/v2\/pages"}],"about":[{"href":"https:\/\/www.krullys.de\/index.php?rest_route=\/wp\/v2\/types\/page"}],"author":[{"embeddable":true,"href":"https:\/\/www.krullys.de\/index.php?rest_route=\/wp\/v2\/users\/9"}],"replies":[{"embeddable":true,"href":"https:\/\/www.krullys.de\/index.php?rest_route=%2Fwp%2Fv2%2Fcomments&post=788"}],"version-history":[{"count":88,"href":"https:\/\/www.krullys.de\/index.php?rest_route=\/wp\/v2\/pages\/788\/revisions"}],"predecessor-version":[{"id":2094,"href":"https:\/\/www.krullys.de\/index.php?rest_route=\/wp\/v2\/pages\/788\/revisions\/2094"}],"wp:featuredmedia":[{"embeddable":true,"href":"https:\/\/www.krullys.de\/index.php?rest_route=\/wp\/v2\/media\/1635"}],"wp:attachment":[{"href":"https:\/\/www.krullys.de\/index.php?rest_route=%2Fwp%2Fv2%2Fmedia&parent=788"}],"curies":[{"name":"wp","href":"https:\/\/api.w.org\/{rel}","templated":true}]}}