{"id":2099,"date":"2026-03-29T21:31:19","date_gmt":"2026-03-29T19:31:19","guid":{"rendered":"https:\/\/www.krullys.de\/?page_id=2099"},"modified":"2026-03-29T21:31:20","modified_gmt":"2026-03-29T19:31:20","slug":"sponsoren","status":"publish","type":"page","link":"https:\/\/www.krullys.de\/?page_id=2099","title":{"rendered":"Sponsoren"},"content":{"rendered":"\n<p>Als kleine, eingruppige Kita in Tr\u00e4gerschaft einer Elternitiative sind wir dankbar f\u00fcr die Unterst\u00fctzung unserer Sponsoren.<\/p>\n\n\n\n<p>Ihr Engagement macht einige Angebote f\u00fcr unsere Kinder \u00fcberhaupt erst m\u00f6glich!<\/p>\n\n\n\n<p><\/p>\n\n\n\n<figure class=\"wp-block-image size-large\"><img loading=\"lazy\" decoding=\"async\" width=\"1024\" height=\"268\" src=\"https:\/\/www.krullys.de\/wp-content\/uploads\/VR-Bank-Muenster-1024x268.png\" alt=\"\" class=\"wp-image-2100\" srcset=\"https:\/\/www.krullys.de\/wp-content\/uploads\/VR-Bank-Muenster-1024x268.png 1024w, https:\/\/www.krullys.de\/wp-content\/uploads\/VR-Bank-Muenster-300x78.png 300w, https:\/\/www.krullys.de\/wp-content\/uploads\/VR-Bank-Muenster-768x201.png 768w, https:\/\/www.krullys.de\/wp-content\/uploads\/VR-Bank-Muenster-1536x401.png 1536w, https:\/\/www.krullys.de\/wp-content\/uploads\/VR-Bank-Muenster.png 1978w\" sizes=\"auto, (max-width: 1024px) 100vw, 1024px\" \/><figcaption class=\"wp-element-caption\">Wir danken der Volksbank M\u00fcnster f\u00fcr die finanzielle Unterst\u00fctzung bei der Anschaffung von Materialien und Ausstattung f\u00fcr naturwissenschaftliche Experimente und Entdeckungen!<\/figcaption><\/figure>\n\n\n\n<p><\/p>\n","protected":false},"excerpt":{"rendered":"<p>Als kleine, eingruppige Kita in Tr\u00e4gerschaft einer Elternitiative sind wir dankbar f\u00fcr die Unterst\u00fctzung unserer Sponsoren. Ihr Engagement macht einige Angebote f\u00fcr unsere Kinder \u00fcberhaupt erst m\u00f6glich!<\/p>\n","protected":false},"author":9,"featured_media":0,"parent":0,"menu_order":0,"comment_status":"closed","ping_status":"closed","template":"","meta":{"footnotes":""},"class_list":["post-2099","page","type-page","status-publish","hentry"],"yoast_head":"<!-- This site is optimized with the Yoast SEO plugin v27.2 - https:\/\/yoast.com\/product\/yoast-seo-wordpress\/ -->\n<title>Sponsoren - Kindergruppe Krullys<\/title>\n<meta name=\"robots\" content=\"index, follow, max-snippet:-1, max-image-preview:large, max-video-preview:-1\" \/>\n<link rel=\"canonical\" href=\"https:\/\/www.krullys.de\/?page_id=2099\" \/>\n<meta property=\"og:locale\" content=\"de_DE\" \/>\n<meta property=\"og:type\" content=\"article\" \/>\n<meta property=\"og:title\" content=\"Sponsoren - Kindergruppe Krullys\" \/>\n<meta property=\"og:description\" content=\"Als kleine, eingruppige Kita in Tr\u00e4gerschaft einer Elternitiative sind wir dankbar f\u00fcr die Unterst\u00fctzung unserer Sponsoren. Ihr Engagement macht einige Angebote f\u00fcr unsere Kinder \u00fcberhaupt erst m\u00f6glich!\" \/>\n<meta property=\"og:url\" content=\"https:\/\/www.krullys.de\/?page_id=2099\" \/>\n<meta property=\"og:site_name\" content=\"Kindergruppe Krullys\" \/>\n<meta property=\"article:modified_time\" content=\"2026-03-29T19:31:20+00:00\" \/>\n<meta property=\"og:image\" content=\"https:\/\/www.krullys.de\/wp-content\/uploads\/VR-Bank-Muenster.png\" \/>\n\t<meta property=\"og:image:width\" content=\"1978\" \/>\n\t<meta property=\"og:image:height\" content=\"517\" \/>\n\t<meta property=\"og:image:type\" content=\"image\/png\" \/>\n<meta name=\"twitter:card\" content=\"summary_large_image\" \/>\n<meta name=\"twitter:label1\" content=\"Gesch\u00e4tzte Lesezeit\" \/>\n\t<meta name=\"twitter:data1\" content=\"1\u00a0Minute\" \/>\n<script type=\"application\/ld+json\" class=\"yoast-schema-graph\">{\"@context\":\"https:\/\/schema.org\",\"@graph\":[{\"@type\":\"WebPage\",\"@id\":\"https:\/\/www.krullys.de\/?page_id=2099\",\"url\":\"https:\/\/www.krullys.de\/?page_id=2099\",\"name\":\"Sponsoren - Kindergruppe Krullys\",\"isPartOf\":{\"@id\":\"https:\/\/www.krullys.de\/#website\"},\"primaryImageOfPage\":{\"@id\":\"https:\/\/www.krullys.de\/?page_id=2099#primaryimage\"},\"image\":{\"@id\":\"https:\/\/www.krullys.de\/?page_id=2099#primaryimage\"},\"thumbnailUrl\":\"https:\/\/www.krullys.de\/wp-content\/uploads\/VR-Bank-Muenster-1024x268.png\",\"datePublished\":\"2026-03-29T19:31:19+00:00\",\"dateModified\":\"2026-03-29T19:31:20+00:00\",\"breadcrumb\":{\"@id\":\"https:\/\/www.krullys.de\/?page_id=2099#breadcrumb\"},\"inLanguage\":\"de\",\"potentialAction\":[{\"@type\":\"ReadAction\",\"target\":[\"https:\/\/www.krullys.de\/?page_id=2099\"]}]},{\"@type\":\"ImageObject\",\"inLanguage\":\"de\",\"@id\":\"https:\/\/www.krullys.de\/?page_id=2099#primaryimage\",\"url\":\"https:\/\/www.krullys.de\/wp-content\/uploads\/VR-Bank-Muenster.png\",\"contentUrl\":\"https:\/\/www.krullys.de\/wp-content\/uploads\/VR-Bank-Muenster.png\",\"width\":1978,\"height\":517},{\"@type\":\"BreadcrumbList\",\"@id\":\"https:\/\/www.krullys.de\/?page_id=2099#breadcrumb\",\"itemListElement\":[{\"@type\":\"ListItem\",\"position\":1,\"name\":\"Startseite\",\"item\":\"https:\/\/www.krullys.de\/\"},{\"@type\":\"ListItem\",\"position\":2,\"name\":\"Sponsoren\"}]},{\"@type\":\"WebSite\",\"@id\":\"https:\/\/www.krullys.de\/#website\",\"url\":\"https:\/\/www.krullys.de\/\",\"name\":\"Kindergruppe Krullys\",\"description\":\"\",\"publisher\":{\"@id\":\"https:\/\/www.krullys.de\/#organization\"},\"potentialAction\":[{\"@type\":\"SearchAction\",\"target\":{\"@type\":\"EntryPoint\",\"urlTemplate\":\"https:\/\/www.krullys.de\/?s={search_term_string}\"},\"query-input\":{\"@type\":\"PropertyValueSpecification\",\"valueRequired\":true,\"valueName\":\"search_term_string\"}}],\"inLanguage\":\"de\"},{\"@type\":\"Organization\",\"@id\":\"https:\/\/www.krullys.de\/#organization\",\"name\":\"Kindergruppe Krullys\",\"url\":\"https:\/\/www.krullys.de\/\",\"logo\":{\"@type\":\"ImageObject\",\"inLanguage\":\"de\",\"@id\":\"https:\/\/www.krullys.de\/#\/schema\/logo\/image\/\",\"url\":\"https:\/\/www.krullys.de\/wp-content\/uploads\/cropped-287841C2-0086-47CA-99E4-F86CC1AE6E5D.png\",\"contentUrl\":\"https:\/\/www.krullys.de\/wp-content\/uploads\/cropped-287841C2-0086-47CA-99E4-F86CC1AE6E5D.png\",\"width\":552,\"height\":614,\"caption\":\"Kindergruppe Krullys\"},\"image\":{\"@id\":\"https:\/\/www.krullys.de\/#\/schema\/logo\/image\/\"}}]}<\/script>\n<!-- \/ Yoast SEO plugin. -->","yoast_head_json":{"title":"Sponsoren - Kindergruppe Krullys","robots":{"index":"index","follow":"follow","max-snippet":"max-snippet:-1","max-image-preview":"max-image-preview:large","max-video-preview":"max-video-preview:-1"},"canonical":"https:\/\/www.krullys.de\/?page_id=2099","og_locale":"de_DE","og_type":"article","og_title":"Sponsoren - Kindergruppe Krullys","og_description":"Als kleine, eingruppige Kita in Tr\u00e4gerschaft einer Elternitiative sind wir dankbar f\u00fcr die Unterst\u00fctzung unserer Sponsoren. Ihr Engagement macht einige Angebote f\u00fcr unsere Kinder \u00fcberhaupt erst m\u00f6glich!","og_url":"https:\/\/www.krullys.de\/?page_id=2099","og_site_name":"Kindergruppe Krullys","article_modified_time":"2026-03-29T19:31:20+00:00","og_image":[{"width":1978,"height":517,"url":"https:\/\/www.krullys.de\/wp-content\/uploads\/VR-Bank-Muenster.png","type":"image\/png"}],"twitter_card":"summary_large_image","twitter_misc":{"Gesch\u00e4tzte Lesezeit":"1\u00a0Minute"},"schema":{"@context":"https:\/\/schema.org","@graph":[{"@type":"WebPage","@id":"https:\/\/www.krullys.de\/?page_id=2099","url":"https:\/\/www.krullys.de\/?page_id=2099","name":"Sponsoren - Kindergruppe Krullys","isPartOf":{"@id":"https:\/\/www.krullys.de\/#website"},"primaryImageOfPage":{"@id":"https:\/\/www.krullys.de\/?page_id=2099#primaryimage"},"image":{"@id":"https:\/\/www.krullys.de\/?page_id=2099#primaryimage"},"thumbnailUrl":"https:\/\/www.krullys.de\/wp-content\/uploads\/VR-Bank-Muenster-1024x268.png","datePublished":"2026-03-29T19:31:19+00:00","dateModified":"2026-03-29T19:31:20+00:00","breadcrumb":{"@id":"https:\/\/www.krullys.de\/?page_id=2099#breadcrumb"},"inLanguage":"de","potentialAction":[{"@type":"ReadAction","target":["https:\/\/www.krullys.de\/?page_id=2099"]}]},{"@type":"ImageObject","inLanguage":"de","@id":"https:\/\/www.krullys.de\/?page_id=2099#primaryimage","url":"https:\/\/www.krullys.de\/wp-content\/uploads\/VR-Bank-Muenster.png","contentUrl":"https:\/\/www.krullys.de\/wp-content\/uploads\/VR-Bank-Muenster.png","width":1978,"height":517},{"@type":"BreadcrumbList","@id":"https:\/\/www.krullys.de\/?page_id=2099#breadcrumb","itemListElement":[{"@type":"ListItem","position":1,"name":"Startseite","item":"https:\/\/www.krullys.de\/"},{"@type":"ListItem","position":2,"name":"Sponsoren"}]},{"@type":"WebSite","@id":"https:\/\/www.krullys.de\/#website","url":"https:\/\/www.krullys.de\/","name":"Kindergruppe Krullys","description":"","publisher":{"@id":"https:\/\/www.krullys.de\/#organization"},"potentialAction":[{"@type":"SearchAction","target":{"@type":"EntryPoint","urlTemplate":"https:\/\/www.krullys.de\/?s={search_term_string}"},"query-input":{"@type":"PropertyValueSpecification","valueRequired":true,"valueName":"search_term_string"}}],"inLanguage":"de"},{"@type":"Organization","@id":"https:\/\/www.krullys.de\/#organization","name":"Kindergruppe Krullys","url":"https:\/\/www.krullys.de\/","logo":{"@type":"ImageObject","inLanguage":"de","@id":"https:\/\/www.krullys.de\/#\/schema\/logo\/image\/","url":"https:\/\/www.krullys.de\/wp-content\/uploads\/cropped-287841C2-0086-47CA-99E4-F86CC1AE6E5D.png","contentUrl":"https:\/\/www.krullys.de\/wp-content\/uploads\/cropped-287841C2-0086-47CA-99E4-F86CC1AE6E5D.png","width":552,"height":614,"caption":"Kindergruppe Krullys"},"image":{"@id":"https:\/\/www.krullys.de\/#\/schema\/logo\/image\/"}}]}},"_links":{"self":[{"href":"https:\/\/www.krullys.de\/index.php?rest_route=\/wp\/v2\/pages\/2099","targetHints":{"allow":["GET"]}}],"collection":[{"href":"https:\/\/www.krullys.de\/index.php?rest_route=\/wp\/v2\/pages"}],"about":[{"href":"https:\/\/www.krullys.de\/index.php?rest_route=\/wp\/v2\/types\/page"}],"author":[{"embeddable":true,"href":"https:\/\/www.krullys.de\/index.php?rest_route=\/wp\/v2\/users\/9"}],"replies":[{"embeddable":true,"href":"https:\/\/www.krullys.de\/index.php?rest_route=%2Fwp%2Fv2%2Fcomments&post=2099"}],"version-history":[{"count":1,"href":"https:\/\/www.krullys.de\/index.php?rest_route=\/wp\/v2\/pages\/2099\/revisions"}],"predecessor-version":[{"id":2101,"href":"https:\/\/www.krullys.de\/index.php?rest_route=\/wp\/v2\/pages\/2099\/revisions\/2101"}],"wp:attachment":[{"href":"https:\/\/www.krullys.de\/index.php?rest_route=%2Fwp%2Fv2%2Fmedia&parent=2099"}],"curies":[{"name":"wp","href":"https:\/\/api.w.org\/{rel}","templated":true}]}}